{"id":124,"date":"2023-01-26T19:39:56","date_gmt":"2023-01-26T18:39:56","guid":{"rendered":"http:\/\/nowa.an-medical.pl\/?p=124"},"modified":"2023-02-08T13:33:58","modified_gmt":"2023-02-08T12:33:58","slug":"pokazy-ratownictwa","status":"publish","type":"page","link":"http:\/\/an-medical.pl\/index.php\/pokazy-ratownictwa\/","title":{"rendered":"Pokazy ratownictwa"},"content":{"rendered":"\n<p>Organizujemy pokazy ratownictwa medycznego dla dzieci i m\u0142odzie\u017cy, plac\u00f3wek o\u015bwiaty oraz firm i instytucji, wraz z om\u00f3wieniem zasad udzielania pierwszej pomocy. G\u0142\u00f3wnym celem pokazu jest ukazanie widzom jak udziela\u0107 pierwszej pomocy poszkodowanemu b\u0119d\u0105c \u015bwiadkiem zdarzenia.<\/p>\n\n\n\n<figure class=\"wp-block-gallery has-nested-images columns-7 is-cropped wp-block-gallery-1 is-layout-flex wp-block-gallery-is-layout-flex\">\n<figure class=\"wp-block-image size-large is-style-rounded\"><a href=\"http:\/\/an-medical.pl\/wp-content\/uploads\/2023\/02\/pokaz.jpg\"><img loading=\"lazy\" decoding=\"async\" width=\"1024\" height=\"620\" data-id=\"190\" src=\"http:\/\/an-medical.pl\/wp-content\/uploads\/2023\/02\/pokaz-1024x620.jpg\" alt=\"\" class=\"wp-image-190\" srcset=\"http:\/\/an-medical.pl\/wp-content\/uploads\/2023\/02\/pokaz-1024x620.jpg 1024w, http:\/\/an-medical.pl\/wp-content\/uploads\/2023\/02\/pokaz-300x182.jpg 300w, http:\/\/an-medical.pl\/wp-content\/uploads\/2023\/02\/pokaz-768x465.jpg 768w, http:\/\/an-medical.pl\/wp-content\/uploads\/2023\/02\/pokaz.jpg 1278w\" sizes=\"auto, (max-width: 1024px) 100vw, 1024px\" \/><\/a><\/figure>\n\n\n\n<figure class=\"wp-block-image size-large is-style-rounded\"><a href=\"http:\/\/an-medical.pl\/wp-content\/uploads\/2023\/02\/pokaz1.jpg\"><img loading=\"lazy\" decoding=\"async\" width=\"1024\" height=\"639\" data-id=\"191\" src=\"http:\/\/an-medical.pl\/wp-content\/uploads\/2023\/02\/pokaz1-1024x639.jpg\" alt=\"\" class=\"wp-image-191\" srcset=\"http:\/\/an-medical.pl\/wp-content\/uploads\/2023\/02\/pokaz1-1024x639.jpg 1024w, http:\/\/an-medical.pl\/wp-content\/uploads\/2023\/02\/pokaz1-300x187.jpg 300w, http:\/\/an-medical.pl\/wp-content\/uploads\/2023\/02\/pokaz1-768x479.jpg 768w, http:\/\/an-medical.pl\/wp-content\/uploads\/2023\/02\/pokaz1.jpg 1280w\" sizes=\"auto, (max-width: 1024px) 100vw, 1024px\" \/><\/a><\/figure>\n\n\n\n<figure class=\"wp-block-image size-large is-style-rounded\"><a href=\"http:\/\/an-medical.pl\/wp-content\/uploads\/2023\/02\/pokaz2.jpg\"><img loading=\"lazy\" decoding=\"async\" width=\"1024\" height=\"639\" data-id=\"192\" src=\"http:\/\/an-medical.pl\/wp-content\/uploads\/2023\/02\/pokaz2-1024x639.jpg\" alt=\"\" class=\"wp-image-192\" srcset=\"http:\/\/an-medical.pl\/wp-content\/uploads\/2023\/02\/pokaz2-1024x639.jpg 1024w, http:\/\/an-medical.pl\/wp-content\/uploads\/2023\/02\/pokaz2-300x187.jpg 300w, http:\/\/an-medical.pl\/wp-content\/uploads\/2023\/02\/pokaz2-768x479.jpg 768w, http:\/\/an-medical.pl\/wp-content\/uploads\/2023\/02\/pokaz2.jpg 1280w\" sizes=\"auto, (max-width: 1024px) 100vw, 1024px\" \/><\/a><\/figure>\n\n\n\n<figure class=\"wp-block-image size-large is-style-rounded\"><a href=\"http:\/\/an-medical.pl\/wp-content\/uploads\/2023\/02\/pokaz4.jpg\"><img loading=\"lazy\" decoding=\"async\" width=\"1024\" height=\"637\" data-id=\"193\" src=\"http:\/\/an-medical.pl\/wp-content\/uploads\/2023\/02\/pokaz4-1024x637.jpg\" alt=\"\" class=\"wp-image-193\" srcset=\"http:\/\/an-medical.pl\/wp-content\/uploads\/2023\/02\/pokaz4-1024x637.jpg 1024w, http:\/\/an-medical.pl\/wp-content\/uploads\/2023\/02\/pokaz4-300x187.jpg 300w, http:\/\/an-medical.pl\/wp-content\/uploads\/2023\/02\/pokaz4-768x478.jpg 768w, http:\/\/an-medical.pl\/wp-content\/uploads\/2023\/02\/pokaz4.jpg 1280w\" sizes=\"auto, (max-width: 1024px) 100vw, 1024px\" \/><\/a><\/figure>\n\n\n\n<figure class=\"wp-block-image size-large is-style-rounded\"><a href=\"http:\/\/an-medical.pl\/wp-content\/uploads\/2023\/02\/pokaz5.jpg\"><img loading=\"lazy\" decoding=\"async\" width=\"1024\" height=\"634\" data-id=\"194\" src=\"http:\/\/an-medical.pl\/wp-content\/uploads\/2023\/02\/pokaz5-1024x634.jpg\" alt=\"\" class=\"wp-image-194\" srcset=\"http:\/\/an-medical.pl\/wp-content\/uploads\/2023\/02\/pokaz5-1024x634.jpg 1024w, http:\/\/an-medical.pl\/wp-content\/uploads\/2023\/02\/pokaz5-300x186.jpg 300w, http:\/\/an-medical.pl\/wp-content\/uploads\/2023\/02\/pokaz5-768x476.jpg 768w, http:\/\/an-medical.pl\/wp-content\/uploads\/2023\/02\/pokaz5.jpg 1280w\" sizes=\"auto, (max-width: 1024px) 100vw, 1024px\" \/><\/a><\/figure>\n\n\n\n<figure class=\"wp-block-image size-large is-style-rounded\"><a href=\"http:\/\/an-medical.pl\/wp-content\/uploads\/2023\/02\/pokaz6.jpg\"><img loading=\"lazy\" decoding=\"async\" width=\"1024\" height=\"636\" data-id=\"195\" src=\"http:\/\/an-medical.pl\/wp-content\/uploads\/2023\/02\/pokaz6-1024x636.jpg\" alt=\"\" class=\"wp-image-195\" srcset=\"http:\/\/an-medical.pl\/wp-content\/uploads\/2023\/02\/pokaz6-1024x636.jpg 1024w, http:\/\/an-medical.pl\/wp-content\/uploads\/2023\/02\/pokaz6-300x186.jpg 300w, http:\/\/an-medical.pl\/wp-content\/uploads\/2023\/02\/pokaz6-768x477.jpg 768w, http:\/\/an-medical.pl\/wp-content\/uploads\/2023\/02\/pokaz6.jpg 1280w\" sizes=\"auto, (max-width: 1024px) 100vw, 1024px\" \/><\/a><\/figure>\n\n\n\n<figure class=\"wp-block-image size-large is-style-rounded\"><a href=\"http:\/\/an-medical.pl\/wp-content\/uploads\/2023\/02\/pokaz8.jpg\"><img loading=\"lazy\" decoding=\"async\" width=\"1024\" height=\"634\" data-id=\"196\" src=\"http:\/\/an-medical.pl\/wp-content\/uploads\/2023\/02\/pokaz8-1024x634.jpg\" alt=\"\" class=\"wp-image-196\" srcset=\"http:\/\/an-medical.pl\/wp-content\/uploads\/2023\/02\/pokaz8-1024x634.jpg 1024w, http:\/\/an-medical.pl\/wp-content\/uploads\/2023\/02\/pokaz8-300x186.jpg 300w, http:\/\/an-medical.pl\/wp-content\/uploads\/2023\/02\/pokaz8-768x475.jpg 768w, http:\/\/an-medical.pl\/wp-content\/uploads\/2023\/02\/pokaz8.jpg 1280w\" sizes=\"auto, (max-width: 1024px) 100vw, 1024px\" \/><\/a><\/figure>\n\n\n\n<figure class=\"wp-block-image size-large is-style-rounded\"><a href=\"http:\/\/an-medical.pl\/wp-content\/uploads\/2023\/02\/pokaz10.jpg\"><img loading=\"lazy\" decoding=\"async\" width=\"1024\" height=\"638\" data-id=\"197\" src=\"http:\/\/an-medical.pl\/wp-content\/uploads\/2023\/02\/pokaz10-1024x638.jpg\" alt=\"\" class=\"wp-image-197\" srcset=\"http:\/\/an-medical.pl\/wp-content\/uploads\/2023\/02\/pokaz10-1024x638.jpg 1024w, http:\/\/an-medical.pl\/wp-content\/uploads\/2023\/02\/pokaz10-300x187.jpg 300w, http:\/\/an-medical.pl\/wp-content\/uploads\/2023\/02\/pokaz10-768x479.jpg 768w, http:\/\/an-medical.pl\/wp-content\/uploads\/2023\/02\/pokaz10.jpg 1280w\" sizes=\"auto, (max-width: 1024px) 100vw, 1024px\" \/><\/a><\/figure>\n\n\n\n<figure class=\"wp-block-image size-large is-style-rounded\"><a href=\"http:\/\/an-medical.pl\/wp-content\/uploads\/2023\/02\/pokaz11.jpg\"><img loading=\"lazy\" decoding=\"async\" width=\"1024\" height=\"636\" data-id=\"198\" src=\"http:\/\/an-medical.pl\/wp-content\/uploads\/2023\/02\/pokaz11-1024x636.jpg\" alt=\"\" class=\"wp-image-198\" srcset=\"http:\/\/an-medical.pl\/wp-content\/uploads\/2023\/02\/pokaz11-1024x636.jpg 1024w, http:\/\/an-medical.pl\/wp-content\/uploads\/2023\/02\/pokaz11-300x186.jpg 300w, http:\/\/an-medical.pl\/wp-content\/uploads\/2023\/02\/pokaz11-768x477.jpg 768w, http:\/\/an-medical.pl\/wp-content\/uploads\/2023\/02\/pokaz11.jpg 1280w\" sizes=\"auto, (max-width: 1024px) 100vw, 1024px\" \/><\/a><\/figure>\n<\/figure>\n","protected":false},"excerpt":{"rendered":"<p>Organizujemy pokazy ratownictwa medycznego dla dzieci i m\u0142odzie\u017cy, plac\u00f3wek o\u015bwiaty oraz firm i instytucji, wraz z om\u00f3wieniem zasad udzielania pierwszej pomocy. G\u0142\u00f3wnym celem pokazu jest ukazanie widzom jak udziela\u0107 pierwszej pomocy poszkodowanemu b\u0119d\u0105c \u015bwiadkiem zdarzenia.<\/p>\n","protected":false},"author":1,"featured_media":170,"parent":0,"menu_order":0,"comment_status":"closed","ping_status":"open","template":"","meta":{"footnotes":""},"class_list":["post-124","page","type-page","status-publish","has-post-thumbnail","hentry"],"_links":{"self":[{"href":"http:\/\/an-medical.pl\/index.php\/wp-json\/wp\/v2\/pages\/124","targetHints":{"allow":["GET"]}}],"collection":[{"href":"http:\/\/an-medical.pl\/index.php\/wp-json\/wp\/v2\/pages"}],"about":[{"href":"http:\/\/an-medical.pl\/index.php\/wp-json\/wp\/v2\/types\/page"}],"author":[{"embeddable":true,"href":"http:\/\/an-medical.pl\/index.php\/wp-json\/wp\/v2\/users\/1"}],"replies":[{"embeddable":true,"href":"http:\/\/an-medical.pl\/index.php\/wp-json\/wp\/v2\/comments?post=124"}],"version-history":[{"count":4,"href":"http:\/\/an-medical.pl\/index.php\/wp-json\/wp\/v2\/pages\/124\/revisions"}],"predecessor-version":[{"id":211,"href":"http:\/\/an-medical.pl\/index.php\/wp-json\/wp\/v2\/pages\/124\/revisions\/211"}],"wp:featuredmedia":[{"embeddable":true,"href":"http:\/\/an-medical.pl\/index.php\/wp-json\/wp\/v2\/media\/170"}],"wp:attachment":[{"href":"http:\/\/an-medical.pl\/index.php\/wp-json\/wp\/v2\/media?parent=124"}],"curies":[{"name":"wp","href":"https:\/\/api.w.org\/{rel}","templated":true}]}}